, 11, 97
List the prime factors of 15298954.
2, 11, 695407
List the prime factors of 8770879.
13, 674683
What are the prime factors of 16850557?
181, 93097
What are the prime factors of 3781641?
3, 1260547
What are the prime factors of 1573768?
2, 7, 157, 179
List the prime factors of 1504342.
2, 7, 107453
What are the prime factors of 340105?
5, 251, 271
What are the prime factors of 378941?
378941
What are the prime factors of 525543?
3, 31, 5651
List the prime factors of 904783.
11, 83, 991
List the prime factors of 20799897.
3, 47, 147517
What are the prime factors of 1180181?
79, 14939
List the prime factors of 13856642.
2, 797, 8693
What are the prime factors of 2742656?
2, 7, 3061
List the prime factors of 60139.
60139
List the prime factors of 11907216.
2, 3, 43, 641
List the prime factors of 1060503.
3, 353501
What are the prime factors of 1634732?
2, 11, 53, 701
What are the prime factors of 4073478?
2, 3, 37, 59, 311
List the prime factors of 402805.
5, 13, 6197
What are the prime factors of 865562?
2, 432781
What are the prime factors of 194131?
7, 27733
What are the prime factors of 21224156?
2, 149, 239
What are the prime factors of 10386980?
2, 5, 519349
List the prime factors of 6424575.
3, 5, 85661
What are the prime factors of 44868?
2, 3, 3739
List the prime factors of 10701781.
1429, 7489
What are the prime factors of 29247591?
3, 9749197
List the prime factors of 1208789.
1208789
What are the prime factors of 321804?
2, 3, 7, 1277
List the prime factors of 101181.
3, 29, 1163
What are the prime factors of 2397329?
11, 47, 4637
What are the prime factors of 5049752?
2, 109, 5791
What are the prime factors of 113986?
2, 56993
List the prime factors of 5422811.
1801, 3011
What are the prime factors of 666242?
2, 43, 61, 127
What are the prime factors of 93469?
151, 619
List the prime factors of 3811590.
2, 3, 5, 19, 743
What are the prime factors of 2551642?
2, 73, 17477
What are the prime factors of 1858292?
2, 601, 773
List the prime factors of 1004207.
17, 19, 3109
What are the prime factors of 182974?
2, 11, 8317
List the prime factors of 151602.
2, 3, 11, 2297
List the prime factors of 1545666.
2, 3, 257611
What are the prime factors of 2023684?
2, 13, 38917
List the prime factors of 713920.
2, 5, 23, 97
What are the prime factors of 5580835?
5, 13, 23, 3733
List the prime factors of 5509237.
73, 163, 463
List the prime factors of 7148052.
2, 3, 181, 1097
List the prime factors of 14401877.
7, 2057411
What are the prime factors of 3322844?
2, 7, 118673
List the prime factors of 1869653.
631, 2963
What are the prime factors of 902579?
902579
What are the prime factors of 196790?
2, 5, 11, 1789
List the prime factors of 19221.
3, 43, 149
List the prime factors of 865742.
2, 17, 25463
List the prime factors of 364107.
3, 121369
What are the prime factors of 544407?
3, 19, 9551
What are the prime factors of 6126796?
2, 13, 59, 1997
What are the prime factors of 15751059?
3, 5250353
List the prime factors of 202181.
7, 17, 1699
List the prime factors of 3513432.
2, 3, 13, 11261
What are the prime factors of 2536781?
13, 195137
List the prime factors of 8301448.
2, 1037681
What are the prime factors of 3775147?
37, 102031
What are the prime factors of 10498357?
10498357
List the prime factors of 6184271.
179, 34549
What are the prime factors of 6969023?
23, 53, 5717
List the prime factors of 135652.
2, 11, 3083
What are the prime factors of 265874?
2, 7, 2713
What are the prime factors of 538655?
5, 13, 8287
List the prime factors of 1208074.
2, 7, 86291
What are the prime factors of 2088414?
2, 3, 157, 739
What are the prime factors of 1137774?
2, 3, 11, 17239
What are the prime factors of 2123892?
2, 3, 58997
What are the prime factors of 183300?
2, 3, 5, 13, 47
List the prime factors of 214657.
214657
What are the prime factors of 6898745?
5, 7, 53, 3719
What are the prime factors of 5499897?
3, 13, 141023
List the prime factors of 282612.
2, 3, 11, 2141
What are the prime factors of 862436?
2, 251, 859
What are the prime factors of 233986?
2, 116993
List the prime factors of 12164437.
61, 199417
What are the prime factors of 25915716?
2, 3, 139, 5179
What are the prime factors of 4467916?
2, 409, 2731
What are the prime factors of 19613092?
2, 19, 258067
List the prime factors of 10059787.
337, 29851
List the prime factors of 2167388.
2, 331, 1637
What are the prime factors of 270260?
2, 5, 13513
List the prime factors of 3349790.
2, 5, 29, 11551
What are the prime factors of 1843164?
2, 3, 51199
What are the prime factors of 5415050?
2, 5, 108301
List the prime factors of 1223563.
11, 41, 2713
What are the prime factors of 500625?
3, 5, 89
What are the prime factors of 689652?
2, 3, 19157
List the prime factors of 3455397.
3, 11, 19, 167
List the prime factors of 5863658.
2, 2931829
What are the prime factors of 2844593?
17, 167329
List the prime factors of 245745.
3, 5, 43, 127
What are the prime factors of 309116?
2, 77279
What are the prime factors of 2340622?
2, 1170311
What are the prime factors of 5549724?
2, 3, 154159
List the prime factors of 7972881.
3, 7, 17, 23, 971
What are the prime factors of 697563?
3, 179, 433
What are the prime factors of 144546?
2, 3, 24091
What are the prime factors of 51203?
51203
What are the prime factors of 593249?
17, 34897
List the prime factors of 16369031.
7, 23, 293, 347
List the prime factors of 2303691.
3, 13, 59069
List the prime factors of 967276.
2, 79, 3061
List the prime factors of 1632503.
71, 22993
What are the prime factors of 2863057?
2863057
List the prime factors of 20816895.
3, 5, 11, 79, 1597
What are the prime factors of 2064880?
2, 5, 53, 487
List the prime factors of 690101.
47, 14683
What are the prime factors of 435567?
3, 11, 67, 197
List the prime factors of 12298281.
3, 157, 26111
List the prime factors of 377559.
3, 7, 13, 461
What are the prime factors of 1926963?
3, 23, 29, 107
What are the prime factors of 46711?
7, 6673
What are the prime factors of 412719?
3, 137573
What are the prime factors of 2506933?
11, 13, 47, 373
List the prime factors of 199402.
2, 7, 14243
What are the prime factors of 5591259?
3, 101, 6151
What are the prime factors of 94477?
94477
What are the prime factors of 2679960?
2, 3, 5, 23, 971
What are the prime factors of 1519308?
2, 3, 7, 6029
List the prime factors of 9631.
9631
List the prime factors of 231735.
3, 5, 7, 2207
What are the prime factors of 22795662?
2, 3, 1181, 3217
List the prime factors of 44330.
2, 5, 11, 13, 31
List the prime factors of 14408785.
5, 127, 22691
List the prime factors of 5939500.
2, 5, 7, 1697
List the prime factors of 2333132.
2, 467, 1249
List the prime factors of 11866233.
3, 37, 106903
List the prime factors of 1340607.
3, 89, 5021
List the prime factors of 70123.
70123
What are the prime factors of 119833?
7, 17, 19, 53
What are the prime factors of 10298696?
2, 31, 131, 317
What are the prime factors of 624684?
2, 3, 52057
What are the prime factors of 7845755?
5, 17, 241, 383
List the prime factors of 388561.
337, 1153
What are the prime factors of 2882145?
3, 5, 7, 27449
List the prime factors of 366125.
5, 29, 101
What are the prime factors of 230135?
5, 46027
List the prime factors of 1035396.
2, 3, 9587
What are the prime factors of 4493199?
3, 43, 61, 571
What are the prime factors of 2737879?
461, 5939
What are the prime factors of 93682?
2, 31, 1511
List the prime factors of 5597925.
3, 5, 101, 739
List the prime factors of 1970802.
2, 3, 103, 1063
List the prime factors of 4351002.
2, 3, 23, 41, 769
What are the prime factors of 309594?
2, 3, 51599
List the prime factors of 44201.
44201
What are the prime factors of 704077?
11, 64007
List the prime factors of 496401.
3, 337, 491
What are the prime factors of 18309433?
53, 345461
List the prime factors of 3194775.
3, 5, 4733
List the prime factors of 1231868.
2, 11, 27997
List the prime factors of 7091297.
7091297
List the prime factors of 1327158.
2, 3, 7, 3511
What are the prime factors of 56418?
2, 3, 9403
What are the prime factors of 476881?
19, 1321
List the prime factors of 2873863.
2873863
List the prime factors of 14786867.
499, 29633
What are the prime factors of 3440669?
1471, 2339
List the prime factors of 57778